{"id":6029,"date":"2023-11-21T12:59:12","date_gmt":"2023-11-21T15:59:12","guid":{"rendered":"https:\/\/www.visiteobrasil.com.br\/news\/?page_id=6029"},"modified":"2023-11-21T12:59:12","modified_gmt":"2023-11-21T15:59:12","slug":"destinos-turisticos-da-belgica","status":"publish","type":"page","link":"https:\/\/www.visiteobrasil.com.br\/news\/destinos-turisticos-da-belgica\/","title":{"rendered":"Destinos tur\u00edsticos da B\u00e9lgica"},"content":{"rendered":"<div class=\"flex-1 overflow-hidden\">\n<div class=\"react-scroll-to-bottom--css-boguy-79elbk h-full\">\n<div class=\"react-scroll-to-bottom--css-boguy-1n7m0yu\">\n<div class=\"flex flex-col text-sm gizmo:pb-9 dark:bg-gray-800 gizmo:dark:bg-transparent\">\n<div class=\"w-full text-token-text-primary border-b border-black\/10 gizmo:border-0 dark:border-gray-900\/50 gizmo:dark:border-0 bg-gray-50 gizmo:bg-transparent dark:bg-[#444654] gizmo:dark:bg-transparent\" data-testid=\"conversation-turn-85\">\n<div class=\"p-4 gizmo:py-2 justify-center text-base md:gap-6 md:py-6 m-auto\">\n<div class=\"flex flex-1 gap-4 text-base mx-auto md:gap-6 gizmo:gap-3 gizmo:md:px-5 gizmo:lg:px-1 gizmo:xl:px-5 md:max-w-2xl lg:max-w-[38rem] gizmo:md:max-w-3xl gizmo:lg:max-w-[40rem] gizmo:xl:max-w-[48rem] xl:max-w-3xl } group final-completion\">\n<div class=\"relative flex w-[calc(100%-50px)] flex-col gizmo:w-full lg:w-[calc(100%-115px)] agent-turn\">\n<div class=\"flex-col gap-1 md:gap-3\">\n<div class=\"flex flex-grow flex-col max-w-full gap-3 gizmo:gap-0\">\n<div class=\"min-h-[20px] text-message flex flex-col items-start gap-3 whitespace-pre-wrap break-words [.text-message+&amp;]:mt-5 overflow-x-auto\" data-message-author-role=\"assistant\" data-message-id=\"9db3dc62-fd02-4a95-9956-37d6ab1bc492\">\n<div class=\"markdown prose w-full break-words dark:prose-invert light\">\n<p>A B\u00e9lgica oferece destinos tur\u00edsticos encantadores. <strong>Antu\u00e9rpia<\/strong>, conhecida como cidade da moda e design, brilha com sua arquitetura renascentista e atmosfera art\u00edstica. <strong>Bruxelas<\/strong>, a capital da Uni\u00e3o Europeia, \u00e9 famosa pelas pra\u00e7as hist\u00f3ricas, como a Grand Place, e pelo <a href=\"https:\/\/pt.wikipedia.org\/wiki\/Manneken_Pis\" target=\"_blank\" rel=\"noopener\">Manneken Pis<\/a>. Ambas as cidades proporcionam uma experi\u00eancia belga \u00fanica, destacando a riqueza cultural, a culin\u00e1ria saborosa e a influ\u00eancia art\u00edstica do pa\u00eds.<\/p>\n<p>Saiba mais clicando na cidade desejada e conhe\u00e7a sua historia, como \u00e9 a cidade, o que fazer, dentre outros:<\/p>\n<h2 class=\"submenu_li\"><a href=\"https:\/\/visiteobrasil.com.br\/internacional\/europa\/belgica\/antuerpia\">Antu\u00e9rpia<\/a><\/h2>\n<h2 class=\"submenu_li\"><a href=\"https:\/\/visiteobrasil.com.br\/internacional\/europa\/belgica\/bruxelas\">Bruxelas<\/a><\/h2>\n<\/div>\n<\/div>\n<\/div>\n<\/div>\n<\/div>\n<\/div>\n<\/div>\n<\/div>\n<\/div>\n<\/div>\n<\/div>\n<\/div>\n","protected":false},"excerpt":{"rendered":"<p>A B\u00e9lgica oferece destinos tur\u00edsticos encantadores. Antu\u00e9rpia, conhecida como cidade da moda e design, brilha com sua arquitetura renascentista e atmosfera art\u00edstica. Bruxelas, a capital da Uni\u00e3o Europeia, \u00e9 famosa pelas pra\u00e7as hist\u00f3ricas, como a Grand Place, e pelo Manneken Pis. Ambas as cidades proporcionam uma experi\u00eancia belga \u00fanica, destacando a riqueza cultural, a culin\u00e1ria [&hellip;]<\/p>\n","protected":false},"author":2,"featured_media":6030,"parent":0,"menu_order":0,"comment_status":"closed","ping_status":"closed","template":"","meta":{"footnotes":""},"class_list":["post-6029","page","type-page","status-publish","has-post-thumbnail","hentry"],"jetpack-related-posts":[{"id":4611,"url":"https:\/\/www.visiteobrasil.com.br\/news\/destinos-internacionais\/","url_meta":{"origin":6029,"position":0},"title":"Destinos Internacionais","author":"Ramon","date":"11 de outubro de 2023","format":false,"excerpt":"Viajar para destinos internacionais oferece uma oportunidade \u00fanica de explorar culturas, paisagens e experi\u00eancias que s\u00e3o t\u00e3o diversas quanto inspiradoras. Nos destinos internacionais, de cidades hist\u00f3ricas a para\u00edsos naturais, o mundo est\u00e1 repleto de destinos tur\u00edsticos que cativam viajantes \u00e1vidos em busca de aventura e descoberta. Cada lugar tem suas\u2026","rel":"","context":"Post similar","block_context":{"text":"Post similar","link":""},"img":{"alt_text":"Destinos internacionais: Jap\u00e3o - Kyoto: Castelo de Nijo","src":"https:\/\/i0.wp.com\/www.visiteobrasil.com.br\/news\/wp-content\/uploads\/2023\/10\/kyoto-castelo-de-nijo-foto-araisyohei-licenca-cc-by-sa-3-0gr.jpg?fit=900%2C300&ssl=1&resize=350%2C200","width":350,"height":200,"srcset":"https:\/\/i0.wp.com\/www.visiteobrasil.com.br\/news\/wp-content\/uploads\/2023\/10\/kyoto-castelo-de-nijo-foto-araisyohei-licenca-cc-by-sa-3-0gr.jpg?fit=900%2C300&ssl=1&resize=350%2C200 1x, https:\/\/i0.wp.com\/www.visiteobrasil.com.br\/news\/wp-content\/uploads\/2023\/10\/kyoto-castelo-de-nijo-foto-araisyohei-licenca-cc-by-sa-3-0gr.jpg?fit=900%2C300&ssl=1&resize=525%2C300 1.5x, https:\/\/i0.wp.com\/www.visiteobrasil.com.br\/news\/wp-content\/uploads\/2023\/10\/kyoto-castelo-de-nijo-foto-araisyohei-licenca-cc-by-sa-3-0gr.jpg?fit=900%2C300&ssl=1&resize=700%2C400 2x"},"classes":[]},{"id":5915,"url":"https:\/\/www.visiteobrasil.com.br\/news\/destinos-turisticos-da-africa-do-sul\/","url_meta":{"origin":6029,"position":1},"title":"Destinos tur\u00edsticos da Africa do Sul","author":"Ramon","date":"21 de novembro de 2023","format":false,"excerpt":"\u00c1frica do Sul oferece uma experi\u00eancia tur\u00edstica diversificada com destinos not\u00e1veis como a Cidade do Cabo, conhecida por sua beleza natural e o ic\u00f4nico Cabo da Boa Esperan\u00e7a. Durban, na costa leste, encanta com suas praias e rica heran\u00e7a cultural. A capital administrativa, Pret\u00f3ria, destaca-se pelos seus edif\u00edcios hist\u00f3ricos e\u2026","rel":"","context":"Post similar","block_context":{"text":"Post similar","link":""},"img":{"alt_text":"\u00c1frica do Sul - Destino tur\u00edstico de Pretoria . Centro Financeiro","src":"https:\/\/i0.wp.com\/www.visiteobrasil.com.br\/news\/wp-content\/uploads\/2023\/11\/pretoria-centro-financeiro-foto-petrus-potgieter.jpg?fit=900%2C599&ssl=1&resize=350%2C200","width":350,"height":200,"srcset":"https:\/\/i0.wp.com\/www.visiteobrasil.com.br\/news\/wp-content\/uploads\/2023\/11\/pretoria-centro-financeiro-foto-petrus-potgieter.jpg?fit=900%2C599&ssl=1&resize=350%2C200 1x, https:\/\/i0.wp.com\/www.visiteobrasil.com.br\/news\/wp-content\/uploads\/2023\/11\/pretoria-centro-financeiro-foto-petrus-potgieter.jpg?fit=900%2C599&ssl=1&resize=525%2C300 1.5x, https:\/\/i0.wp.com\/www.visiteobrasil.com.br\/news\/wp-content\/uploads\/2023\/11\/pretoria-centro-financeiro-foto-petrus-potgieter.jpg?fit=900%2C599&ssl=1&resize=700%2C400 2x"},"classes":[]},{"id":5939,"url":"https:\/\/www.visiteobrasil.com.br\/news\/destinos-turisticos-de-honduras\/","url_meta":{"origin":6029,"position":2},"title":"Destinos tur\u00edsticos de Honduras","author":"Ramon","date":"21 de novembro de 2023","format":false,"excerpt":"Honduras oferece destinos tur\u00edsticos distintos, como Puerto Cortez, destacando-se por suas praias e porto movimentado, proporcionando uma atmosfera costeira vibrante. Tegucigalpa, a capital, cativa com sua mistura de hist\u00f3ria e modernidade, apresentando locais culturais e arquitetura colonial. Juntos, esses destinos proporcionam uma vis\u00e3o diversificada da riqueza natural e cultural de\u2026","rel":"","context":"Post similar","block_context":{"text":"Post similar","link":""},"img":{"alt_text":"Honduras - Puerto Costes- Foto: Travel Tourism","src":"https:\/\/i0.wp.com\/www.visiteobrasil.com.br\/news\/wp-content\/uploads\/2023\/11\/honduras-puertocortes-foto-traveltourism.jpg?fit=900%2C600&ssl=1&resize=350%2C200","width":350,"height":200,"srcset":"https:\/\/i0.wp.com\/www.visiteobrasil.com.br\/news\/wp-content\/uploads\/2023\/11\/honduras-puertocortes-foto-traveltourism.jpg?fit=900%2C600&ssl=1&resize=350%2C200 1x, https:\/\/i0.wp.com\/www.visiteobrasil.com.br\/news\/wp-content\/uploads\/2023\/11\/honduras-puertocortes-foto-traveltourism.jpg?fit=900%2C600&ssl=1&resize=525%2C300 1.5x, https:\/\/i0.wp.com\/www.visiteobrasil.com.br\/news\/wp-content\/uploads\/2023\/11\/honduras-puertocortes-foto-traveltourism.jpg?fit=900%2C600&ssl=1&resize=700%2C400 2x"},"classes":[]},{"id":6023,"url":"https:\/\/www.visiteobrasil.com.br\/news\/destinos-turisticos-da-turquia\/","url_meta":{"origin":6029,"position":3},"title":"Destinos tur\u00edsticos da Turquia","author":"Ramon","date":"21 de novembro de 2023","format":false,"excerpt":"A Turquia oferece destinos tur\u00edsticos distintos. A Capad\u00f3cia, com suas forma\u00e7\u00f5es rochosas \u00fanicas e passeios de bal\u00e3o, proporciona uma experi\u00eancia surreal. Istambul, a cidade que conecta a Europa e a \u00c1sia, \u00e9 marcada por mesquitas, bazares e a impressionante Hagia Sophia. Ambos os destinos oferecem uma rica mistura de hist\u00f3ria,\u2026","rel":"","context":"Post similar","block_context":{"text":"Post similar","link":""},"img":{"alt_text":"Turquia - Istambul : Vista da Mesquita Azul","src":"https:\/\/i0.wp.com\/www.visiteobrasil.com.br\/news\/wp-content\/uploads\/2023\/11\/istambul-vista-da-mesquita-azul-de-sultanahmet-foto-jose-luiz-licenca-cc-by-sa-3-0.jpg?fit=900%2C599&ssl=1&resize=350%2C200","width":350,"height":200,"srcset":"https:\/\/i0.wp.com\/www.visiteobrasil.com.br\/news\/wp-content\/uploads\/2023\/11\/istambul-vista-da-mesquita-azul-de-sultanahmet-foto-jose-luiz-licenca-cc-by-sa-3-0.jpg?fit=900%2C599&ssl=1&resize=350%2C200 1x, https:\/\/i0.wp.com\/www.visiteobrasil.com.br\/news\/wp-content\/uploads\/2023\/11\/istambul-vista-da-mesquita-azul-de-sultanahmet-foto-jose-luiz-licenca-cc-by-sa-3-0.jpg?fit=900%2C599&ssl=1&resize=525%2C300 1.5x, https:\/\/i0.wp.com\/www.visiteobrasil.com.br\/news\/wp-content\/uploads\/2023\/11\/istambul-vista-da-mesquita-azul-de-sultanahmet-foto-jose-luiz-licenca-cc-by-sa-3-0.jpg?fit=900%2C599&ssl=1&resize=700%2C400 2x"},"classes":[]},{"id":5958,"url":"https:\/\/www.visiteobrasil.com.br\/news\/destinos-turisticos-da-argentina\/","url_meta":{"origin":6029,"position":4},"title":"Destinos tur\u00edsticos da Argentina","author":"Ramon","date":"21 de novembro de 2023","format":false,"excerpt":"A Argentina oferece destinos tur\u00edsticos variados. Bariloche, cercada pelos Andes, \u00e9 conhecida por seus lagos deslumbrantes e esportes de inverno. Buenos Aires, a capital, cativa com sua arquitetura elegante, tango envolvente e vibrante cena cultural. C\u00f3rdoba, no interior, combina hist\u00f3ria colonial com atmosfera universit\u00e1ria. Juntos, esses destinos proporcionam uma experi\u00eancia\u2026","rel":"","context":"Post similar","block_context":{"text":"Post similar","link":""},"img":{"alt_text":"Argentina - Bariloche-Esquiadores na Estacao","src":"https:\/\/i0.wp.com\/www.visiteobrasil.com.br\/news\/wp-content\/uploads\/2023\/11\/bariloche-esquiadores-na-estacao-de-cerro-catedral-foto-diego-gabriel-licenca-cc-by-sa-3-0.jpg?fit=900%2C599&ssl=1&resize=350%2C200","width":350,"height":200,"srcset":"https:\/\/i0.wp.com\/www.visiteobrasil.com.br\/news\/wp-content\/uploads\/2023\/11\/bariloche-esquiadores-na-estacao-de-cerro-catedral-foto-diego-gabriel-licenca-cc-by-sa-3-0.jpg?fit=900%2C599&ssl=1&resize=350%2C200 1x, https:\/\/i0.wp.com\/www.visiteobrasil.com.br\/news\/wp-content\/uploads\/2023\/11\/bariloche-esquiadores-na-estacao-de-cerro-catedral-foto-diego-gabriel-licenca-cc-by-sa-3-0.jpg?fit=900%2C599&ssl=1&resize=525%2C300 1.5x, https:\/\/i0.wp.com\/www.visiteobrasil.com.br\/news\/wp-content\/uploads\/2023\/11\/bariloche-esquiadores-na-estacao-de-cerro-catedral-foto-diego-gabriel-licenca-cc-by-sa-3-0.jpg?fit=900%2C599&ssl=1&resize=700%2C400 2x"},"classes":[]},{"id":5920,"url":"https:\/\/www.visiteobrasil.com.br\/news\/destinos-turisticos-da-alemanha\/","url_meta":{"origin":6029,"position":5},"title":"Destinos tur\u00edsticos da Alemanha","author":"Ramon","date":"21 de novembro de 2023","format":false,"excerpt":"A Alemanha \u00e9 um destino tur\u00edstico fascinante, destacando-se por cidades como Berlim, conhecida por sua hist\u00f3ria vibrante e arquitetura \u00fanica. Frankfurt, um centro financeiro global, oferece uma mistura de modernidade e tradi\u00e7\u00e3o cultural. Heidelberg, com seu charme medieval, \u00e9 famosa por seu castelo e atmosfera rom\u00e2ntica. Munique, a capital da\u2026","rel":"","context":"Post similar","block_context":{"text":"Post similar","link":""},"img":{"alt_text":"Alemanha - Frankfurt-alte-oper-antiga-opera-foto-thomas","src":"https:\/\/i0.wp.com\/www.visiteobrasil.com.br\/news\/wp-content\/uploads\/2023\/11\/frankfurt-alte-oper-antiga-opera-foto-thomas-wolf-licenca-cc-by-sa-3-0.jpg?fit=900%2C599&ssl=1&resize=350%2C200","width":350,"height":200,"srcset":"https:\/\/i0.wp.com\/www.visiteobrasil.com.br\/news\/wp-content\/uploads\/2023\/11\/frankfurt-alte-oper-antiga-opera-foto-thomas-wolf-licenca-cc-by-sa-3-0.jpg?fit=900%2C599&ssl=1&resize=350%2C200 1x, https:\/\/i0.wp.com\/www.visiteobrasil.com.br\/news\/wp-content\/uploads\/2023\/11\/frankfurt-alte-oper-antiga-opera-foto-thomas-wolf-licenca-cc-by-sa-3-0.jpg?fit=900%2C599&ssl=1&resize=525%2C300 1.5x, https:\/\/i0.wp.com\/www.visiteobrasil.com.br\/news\/wp-content\/uploads\/2023\/11\/frankfurt-alte-oper-antiga-opera-foto-thomas-wolf-licenca-cc-by-sa-3-0.jpg?fit=900%2C599&ssl=1&resize=700%2C400 2x"},"classes":[]}],"jetpack_sharing_enabled":true,"jetpack_likes_enabled":true,"_links":{"self":[{"href":"https:\/\/www.visiteobrasil.com.br\/news\/wp-json\/wp\/v2\/pages\/6029","targetHints":{"allow":["GET"]}}],"collection":[{"href":"https:\/\/www.visiteobrasil.com.br\/news\/wp-json\/wp\/v2\/pages"}],"about":[{"href":"https:\/\/www.visiteobrasil.com.br\/news\/wp-json\/wp\/v2\/types\/page"}],"author":[{"embeddable":true,"href":"https:\/\/www.visiteobrasil.com.br\/news\/wp-json\/wp\/v2\/users\/2"}],"replies":[{"embeddable":true,"href":"https:\/\/www.visiteobrasil.com.br\/news\/wp-json\/wp\/v2\/comments?post=6029"}],"version-history":[{"count":1,"href":"https:\/\/www.visiteobrasil.com.br\/news\/wp-json\/wp\/v2\/pages\/6029\/revisions"}],"predecessor-version":[{"id":6031,"href":"https:\/\/www.visiteobrasil.com.br\/news\/wp-json\/wp\/v2\/pages\/6029\/revisions\/6031"}],"wp:featuredmedia":[{"embeddable":true,"href":"https:\/\/www.visiteobrasil.com.br\/news\/wp-json\/wp\/v2\/media\/6030"}],"wp:attachment":[{"href":"https:\/\/www.visiteobrasil.com.br\/news\/wp-json\/wp\/v2\/media?parent=6029"}],"curies":[{"name":"wp","href":"https:\/\/api.w.org\/{rel}","templated":true}]}}