{"id":4717,"date":"2023-10-11T20:30:55","date_gmt":"2023-10-11T23:30:55","guid":{"rendered":"https:\/\/www.visiteobrasil.com.br\/news\/?page_id=4717"},"modified":"2023-12-01T14:15:07","modified_gmt":"2023-12-01T17:15:07","slug":"espirito-santo","status":"publish","type":"page","link":"https:\/\/www.visiteobrasil.com.br\/news\/espirito-santo\/","title":{"rendered":"Esp\u00edrito Santo"},"content":{"rendered":"\t\t<div data-elementor-type=\"wp-page\" data-elementor-id=\"4717\" class=\"elementor elementor-4717\" data-elementor-post-type=\"page\">\n\t\t\t\t\t\t<section class=\"elementor-section elementor-top-section elementor-element elementor-element-a1f66fd elementor-section-boxed elementor-section-height-default elementor-section-height-default\" data-id=\"a1f66fd\" data-element_type=\"section\">\n\t\t\t\t\t\t<div class=\"elementor-container elementor-column-gap-default\">\n\t\t\t\t\t<div class=\"elementor-column elementor-col-100 elementor-top-column elementor-element elementor-element-62a6038\" data-id=\"62a6038\" data-element_type=\"column\">\n\t\t\t<div class=\"elementor-widget-wrap elementor-element-populated\">\n\t\t\t\t\t\t<div class=\"elementor-element elementor-element-4a90f01 elementor-skin-coverflow elementor-arrows-yes elementor-pagination-type-bullets elementor-pagination-position-outside elementor-widget elementor-widget-media-carousel\" data-id=\"4a90f01\" data-element_type=\"widget\" data-settings=\"{&quot;skin&quot;:&quot;coverflow&quot;,&quot;autoplay_speed&quot;:3000,&quot;show_arrows&quot;:&quot;yes&quot;,&quot;pagination&quot;:&quot;bullets&quot;,&quot;speed&quot;:500,&quot;autoplay&quot;:&quot;yes&quot;,&quot;loop&quot;:&quot;yes&quot;,&quot;pause_on_hover&quot;:&quot;yes&quot;,&quot;pause_on_interaction&quot;:&quot;yes&quot;,&quot;space_between&quot;:{&quot;unit&quot;:&quot;px&quot;,&quot;size&quot;:10,&quot;sizes&quot;:[]},&quot;space_between_tablet&quot;:{&quot;unit&quot;:&quot;px&quot;,&quot;size&quot;:10,&quot;sizes&quot;:[]},&quot;space_between_mobile&quot;:{&quot;unit&quot;:&quot;px&quot;,&quot;size&quot;:10,&quot;sizes&quot;:[]}}\" data-widget_type=\"media-carousel.default\">\n\t\t\t\t<div class=\"elementor-widget-container\">\n\t\t\t<link rel=\"stylesheet\" href=\"https:\/\/www.visiteobrasil.com.br\/news\/wp-content\/plugins\/pro-elements\/assets\/css\/widget-carousel.min.css?ver=1725798641\">\t\t<div class=\"elementor-swiper\">\n\t\t\t<div class=\"elementor-main-swiper swiper\">\n\t\t\t\t<div class=\"swiper-wrapper\">\n\t\t\t\t\t\t\t\t\t\t\t<div class=\"swiper-slide\">\n\t\t\t\t\t\t\t\t\t<div class=\"elementor-carousel-image\" role=\"img\" aria-label=\"Esp\u00edrito Santo - Praia de Setiba - Guarapari\" style=\"background-image: url(&#039;https:\/\/i0.wp.com\/www.visiteobrasil.com.br\/news\/wp-content\/uploads\/2023\/10\/guarapari-praiadesetibapina-foto-wellington-fer-licenca-dominio-publicogr.jpg?fit=850%2C300&amp;ssl=1&#039;)\">\n\n\t\t\t\n\t\t\t\t\t<\/div>\n\t\t\t\t\t\t\t\t<\/div>\n\t\t\t\t\t\t\t\t\t\t\t<div class=\"swiper-slide\">\n\t\t\t\t\t\t\t\t\t<div class=\"elementor-carousel-image\" role=\"img\" aria-label=\"Esp\u00edrito Santo - Vista do Convento da Penha - Vila Velha\" style=\"background-image: url(&#039;https:\/\/i0.wp.com\/www.visiteobrasil.com.br\/news\/wp-content\/uploads\/2023\/10\/vilha-velha-vistadoconventodapenha-foto-juniorzzi-licenca-cc-by-sa-30gr.jpg?fit=850%2C300&amp;ssl=1&#039;)\">\n\n\t\t\t\n\t\t\t\t\t<\/div>\n\t\t\t\t\t\t\t\t<\/div>\n\t\t\t\t\t\t\t\t\t\t\t<div class=\"swiper-slide\">\n\t\t\t\t\t\t\t\t\t<div class=\"elementor-carousel-image\" role=\"img\" aria-label=\"Esp\u00edrito Santo - Rampa de voos livres em Chaves\" style=\"background-image: url(&#039;https:\/\/i0.wp.com\/www.visiteobrasil.com.br\/news\/wp-content\/uploads\/2023\/10\/chaves-rampa-de-voo-livre-em-cachoeira-alta-foto-prefeitura-de-alfredo-chavesgr.jpg?fit=850%2C300&amp;ssl=1&#039;)\">\n\n\t\t\t\n\t\t\t\t\t<\/div>\n\t\t\t\t\t\t\t\t<\/div>\n\t\t\t\t\t\t\t\t\t\t\t<div class=\"swiper-slide\">\n\t\t\t\t\t\t\t\t\t<div class=\"elementor-carousel-image\" role=\"img\" aria-label=\"Esp\u00edrito Santo - Santa Maria do Jetib\u00e1 a cidade mais pomerana do Brasil\" style=\"background-image: url(&#039;https:\/\/i0.wp.com\/www.visiteobrasil.com.br\/news\/wp-content\/uploads\/2023\/10\/121-105833-santa-maria-do-jetiba-a-cidade-mais-pomerana-do-brasil-foto-renaldson-boonegr.jpg?fit=850%2C300&amp;ssl=1&#039;)\">\n\n\t\t\t\n\t\t\t\t\t<\/div>\n\t\t\t\t\t\t\t\t<\/div>\n\t\t\t\t\t\t\t\t\t\t\t<div class=\"swiper-slide\">\n\t\t\t\t\t\t\t\t\t<div class=\"elementor-carousel-image\" role=\"img\" aria-label=\"Esp\u00edrito Santo - Igreja de Santa Terezinha em Dores do Rio Preto\" style=\"background-image: url(&#039;https:\/\/i0.wp.com\/www.visiteobrasil.com.br\/news\/wp-content\/uploads\/2023\/10\/127-104357-dores-do-rio-preto-igreja-santa-teresinha-foto-sergio-falcetti-panoramiogr.jpg?fit=850%2C300&amp;ssl=1&#039;)\">\n\n\t\t\t\n\t\t\t\t\t<\/div>\n\t\t\t\t\t\t\t\t<\/div>\n\t\t\t\t\t\t\t\t\t<\/div>\n\t\t\t\t\t\t\t\t\t\t\t\t\t\t\t<div class=\"swiper-pagination\"><\/div>\n\t\t\t\t\t\t\t\t\t\t\t\t\t\t\t\t<div class=\"elementor-swiper-button elementor-swiper-button-prev\" role=\"button\" tabindex=\"0\">\n\t\t\t\t\t\t\t<svg aria-hidden=\"true\" class=\"e-font-icon-svg e-eicon-chevron-left\" viewBox=\"0 0 1000 1000\" xmlns=\"http:\/\/www.w3.org\/2000\/svg\"><path d=\"M646 125C629 125 613 133 604 142L308 442C296 454 292 471 292 487 292 504 296 521 308 533L604 854C617 867 629 875 646 875 663 875 679 871 692 858 704 846 713 829 713 812 713 796 708 779 692 767L438 487 692 225C700 217 708 204 708 187 708 171 704 154 692 142 675 129 663 125 646 125Z\"><\/path><\/svg>\t\t\t\t\t\t\t<span class=\"elementor-screen-only\">Previous<\/span>\n\t\t\t\t\t\t<\/div>\n\t\t\t\t\t\t<div class=\"elementor-swiper-button elementor-swiper-button-next\" role=\"button\" tabindex=\"0\">\n\t\t\t\t\t\t\t<svg aria-hidden=\"true\" class=\"e-font-icon-svg e-eicon-chevron-right\" viewBox=\"0 0 1000 1000\" xmlns=\"http:\/\/www.w3.org\/2000\/svg\"><path d=\"M696 533C708 521 713 504 713 487 713 471 708 454 696 446L400 146C388 133 375 125 354 125 338 125 325 129 313 142 300 154 292 171 292 187 292 204 296 221 308 233L563 492 304 771C292 783 288 800 288 817 288 833 296 850 308 863 321 871 338 875 354 875 371 875 388 867 400 854L696 533Z\"><\/path><\/svg>\t\t\t\t\t\t\t<span class=\"elementor-screen-only\">Next<\/span>\n\t\t\t\t\t\t<\/div>\n\t\t\t\t\t\t\t\t\t\t\t\t<\/div>\n\t\t<\/div>\n\t\t\t\t<\/div>\n\t\t\t\t<\/div>\n\t\t\t\t\t<\/div>\n\t\t<\/div>\n\t\t\t\t\t<\/div>\n\t\t<\/section>\n\t\t\t\t<section class=\"elementor-section elementor-top-section elementor-element elementor-element-7a5c6d3a elementor-section-boxed elementor-section-height-default elementor-section-height-default\" data-id=\"7a5c6d3a\" data-element_type=\"section\">\n\t\t\t\t\t\t<div class=\"elementor-container elementor-column-gap-default\">\n\t\t\t\t\t<div class=\"elementor-column elementor-col-100 elementor-top-column elementor-element elementor-element-44b1c892\" data-id=\"44b1c892\" data-element_type=\"column\">\n\t\t\t<div class=\"elementor-widget-wrap elementor-element-populated\">\n\t\t\t\t\t\t<div class=\"elementor-element elementor-element-644b36b6 elementor-drop-cap-yes elementor-drop-cap-view-default elementor-widget elementor-widget-text-editor\" data-id=\"644b36b6\" data-element_type=\"widget\" data-settings=\"{&quot;drop_cap&quot;:&quot;yes&quot;}\" data-widget_type=\"text-editor.default\">\n\t\t\t\t<div class=\"elementor-widget-container\">\n\t\t\t<style>\/*! elementor - v3.23.0 - 05-08-2024 *\/\n.elementor-widget-text-editor.elementor-drop-cap-view-stacked .elementor-drop-cap{background-color:#69727d;color:#fff}.elementor-widget-text-editor.elementor-drop-cap-view-framed .elementor-drop-cap{color:#69727d;border:3px solid;background-color:transparent}.elementor-widget-text-editor:not(.elementor-drop-cap-view-default) .elementor-drop-cap{margin-top:8px}.elementor-widget-text-editor:not(.elementor-drop-cap-view-default) .elementor-drop-cap-letter{width:1em;height:1em}.elementor-widget-text-editor .elementor-drop-cap{float:left;text-align:center;line-height:1;font-size:50px}.elementor-widget-text-editor .elementor-drop-cap-letter{display:inline-block}<\/style>\t\t\t\t<p>O estado do Esp\u00edrito Santo, localizado na Regi\u00e3o Sudeste do Brasil, \u00e9 um destino que encanta pela sua diversidade geogr\u00e1fica e belezas naturais deslumbrantes. Com um litoral pontilhado de praias paradis\u00edacas, como <a href=\"https:\/\/www.visiteobrasil.com.br\/sudeste\/espirito-santo\/rota-do-sol-e-da-moqueca\/guarapari\">Guarapari<\/a> e Vit\u00f3ria, o Esp\u00edrito Santo \u00e9 um ref\u00fagio para os amantes do mar e do sol. A regi\u00e3o tamb\u00e9m abriga o Parque Nacional do Capara\u00f3, onde se encontra o famoso Pico da Bandeira, o terceiro ponto mais alto do Brasil, proporcionando trilhas emocionantes e vistas panor\u00e2micas espetaculares. Al\u00e9m disso, a Reserva Biol\u00f3gica de Comboios \u00e9 um santu\u00e1rio para a biodiversidade, oferecendo oportunidades de observa\u00e7\u00e3o da fauna e flora em ambientes de mata atl\u00e2ntica preservada.<\/p>\n<h2><strong>Esp\u00edrito Santo: Cultura e Gastronomia Capixaba<\/strong><\/h2>\n<p>A cultura e a gastronomia capixabas s\u00e3o igualmente cativantes. O <a href=\"https:\/\/pt.wikipedia.org\/wiki\/Esp%C3%ADrito_Santo_(estado)\" target=\"_blank\" rel=\"noopener\">Esp\u00edrito Santo<\/a> \u00e9 ber\u00e7o de manifesta\u00e7\u00f5es culturais como o congo e o jongo, que celebram as tradi\u00e7\u00f5es afro-brasileiras da regi\u00e3o. Al\u00e9m disso, a culin\u00e1ria local \u00e9 repleta de sabores \u00fanicos, com destaque para pratos \u00e0 base de frutos do mar, como a moqueca capixaba, considerada uma das melhores do Brasil. O estado tamb\u00e9m \u00e9 famoso por suas panelas de barro, que s\u00e3o usadas para preparar uma variedade de del\u00edcias, desde a torta capixaba at\u00e9 a famosa torta de maracuj\u00e1. Com sua riqueza natural, cultural e gastron\u00f4mica, o&nbsp;<a href=\"https:\/\/visiteobrasil.com.br\/sudeste\/espirito-santo\" target=\"_blank\"><b>Esp\u00edrito Santo<\/b><\/a>&nbsp;\u00e9 um destino que oferece uma experi\u00eancia aut\u00eantica e enriquecedora para quem o visita.<\/p>\t\t\t\t\t\t<\/div>\n\t\t\t\t<\/div>\n\t\t\t\t\t<\/div>\n\t\t<\/div>\n\t\t\t\t\t<\/div>\n\t\t<\/section>\n\t\t<div class=\"elementor-element elementor-element-dcc91eb e-flex e-con-boxed e-con e-parent\" data-id=\"dcc91eb\" data-element_type=\"container\">\n\t\t\t\t\t<div class=\"e-con-inner\">\n\t\t<div class=\"elementor-element elementor-element-fe6ebc4 e-con-full e-flex e-con e-child\" data-id=\"fe6ebc4\" data-element_type=\"container\">\n\t\t\t\t<\/div>\n\t\t<div class=\"elementor-element elementor-element-f65eb1a e-con-full e-flex e-con e-child\" data-id=\"f65eb1a\" data-element_type=\"container\">\n\t\t\t\t<div class=\"elementor-element elementor-element-8a93ab0 elementor-widget elementor-widget-eael-creative-button\" data-id=\"8a93ab0\" data-element_type=\"widget\" data-widget_type=\"eael-creative-button.default\">\n\t\t\t\t<div class=\"elementor-widget-container\">\n\t\t\t        <div class=\"eael-creative-button-wrapper\">\n\n            <a class=\"eael-creative-button eael-creative-button--winona\" href=\"https:\/\/visiteobrasil.com.br\/norte\/acre\" data-text=\"Veja\">\n            \t    \n                <div class=\"creative-button-inner\">\n\n                    \n                    <span class=\"cretive-button-text\">Destinos tur\u00edsticos de Esp\u00edrito Santo<\/span>\n\n                                    <\/div>\n\t                        <\/a>\n        <\/div>\n        \t\t<\/div>\n\t\t\t\t<\/div>\n\t\t\t\t<\/div>\n\t\t<div class=\"elementor-element elementor-element-d4f08b5 e-con-full e-flex e-con e-child\" data-id=\"d4f08b5\" data-element_type=\"container\">\n\t\t\t\t<\/div>\n\t\t\t\t\t<\/div>\n\t\t\t\t<\/div>\n\t\t\t\t<\/div>\n\t\t","protected":false},"excerpt":{"rendered":"<p>Previous Next O estado do Esp\u00edrito Santo, localizado na Regi\u00e3o Sudeste do Brasil, \u00e9 um destino que encanta pela sua diversidade geogr\u00e1fica e belezas naturais deslumbrantes. Com um litoral pontilhado de praias paradis\u00edacas, como Guarapari e Vit\u00f3ria, o Esp\u00edrito Santo \u00e9 um ref\u00fagio para os amantes do mar e do sol. A regi\u00e3o tamb\u00e9m abriga [&hellip;]<\/p>\n","protected":false},"author":2,"featured_media":4718,"parent":0,"menu_order":0,"comment_status":"closed","ping_status":"closed","template":"","meta":{"footnotes":""},"class_list":["post-4717","page","type-page","status-publish","has-post-thumbnail","hentry"],"jetpack-related-posts":[{"id":4601,"url":"https:\/\/www.visiteobrasil.com.br\/news\/regiao-sudeste\/","url_meta":{"origin":4717,"position":0},"title":"Regi\u00e3o Sudeste","author":"Ramon","date":"11 de outubro de 2023","format":false,"excerpt":"Previous Next A Regi\u00e3o Sudeste do Brasil, composta pelos estados de S\u00e3o Paulo, Rio de Janeiro, Minas Gerais e Esp\u00edrito Santo, \u00e9 o motor econ\u00f4mico do pa\u00eds. Sendo a regi\u00e3o mais industrializada e urbanizada do Brasil, o Sudeste \u00e9 o epicentro das atividades financeiras, industriais e tecnol\u00f3gicas. S\u00e3o Paulo, a\u2026","rel":"","context":"Post similar","block_context":{"text":"Post similar","link":""},"img":{"alt_text":"Regi\u00e3o Sudeste - Museu da Inconfid\u00eancia Mineira","src":"https:\/\/i0.wp.com\/www.visiteobrasil.com.br\/news\/wp-content\/uploads\/2023\/10\/Museu-da-Inconfidencia-Foto-Valter-Campanato-abr-Licenca-cc-by-sa-3-0.jpg?fit=900%2C303&ssl=1&resize=350%2C200","width":350,"height":200,"srcset":"https:\/\/i0.wp.com\/www.visiteobrasil.com.br\/news\/wp-content\/uploads\/2023\/10\/Museu-da-Inconfidencia-Foto-Valter-Campanato-abr-Licenca-cc-by-sa-3-0.jpg?fit=900%2C303&ssl=1&resize=350%2C200 1x, https:\/\/i0.wp.com\/www.visiteobrasil.com.br\/news\/wp-content\/uploads\/2023\/10\/Museu-da-Inconfidencia-Foto-Valter-Campanato-abr-Licenca-cc-by-sa-3-0.jpg?fit=900%2C303&ssl=1&resize=525%2C300 1.5x, https:\/\/i0.wp.com\/www.visiteobrasil.com.br\/news\/wp-content\/uploads\/2023\/10\/Museu-da-Inconfidencia-Foto-Valter-Campanato-abr-Licenca-cc-by-sa-3-0.jpg?fit=900%2C303&ssl=1&resize=700%2C400 2x"},"classes":[]},{"id":4618,"url":"https:\/\/www.visiteobrasil.com.br\/news\/santa-catarina\/","url_meta":{"origin":4717,"position":1},"title":"Santa Catarina","author":"Ramon","date":"11 de outubro de 2023","format":false,"excerpt":"Previous Next Santa Catarina, situado na Regi\u00e3o Sul do Brasil, \u00e9 um estado que se destaca pela sua variada geografia e pelas deslumbrantes belezas naturais. Do litoral atl\u00e2ntico com suas praias paradis\u00edacas, como Florian\u00f3polis e Balne\u00e1rio Cambori\u00fa, at\u00e9 as regi\u00f5es serranas, como a famosa cidade de Blumenau, a paisagem catarinense\u2026","rel":"","context":"Post similar","block_context":{"text":"Post similar","link":""},"img":{"alt_text":"Santa Catarina- Praia do Rosa - Ibituba-sc","src":"https:\/\/i0.wp.com\/www.visiteobrasil.com.br\/news\/wp-content\/uploads\/2023\/10\/Praia-do-Rosa-Foto-Claudio-Lima-Setur-Imbituba.jpg?fit=900%2C301&ssl=1&resize=350%2C200","width":350,"height":200,"srcset":"https:\/\/i0.wp.com\/www.visiteobrasil.com.br\/news\/wp-content\/uploads\/2023\/10\/Praia-do-Rosa-Foto-Claudio-Lima-Setur-Imbituba.jpg?fit=900%2C301&ssl=1&resize=350%2C200 1x, https:\/\/i0.wp.com\/www.visiteobrasil.com.br\/news\/wp-content\/uploads\/2023\/10\/Praia-do-Rosa-Foto-Claudio-Lima-Setur-Imbituba.jpg?fit=900%2C301&ssl=1&resize=525%2C300 1.5x, https:\/\/i0.wp.com\/www.visiteobrasil.com.br\/news\/wp-content\/uploads\/2023\/10\/Praia-do-Rosa-Foto-Claudio-Lima-Setur-Imbituba.jpg?fit=900%2C301&ssl=1&resize=700%2C400 2x"},"classes":[]},{"id":4900,"url":"https:\/\/www.visiteobrasil.com.br\/news\/tocantins\/","url_meta":{"origin":4717,"position":2},"title":"Tocantins","author":"Ramon","date":"12 de outubro de 2023","format":false,"excerpt":"Previous Next O estado de Tocantins, localizado na Regi\u00e3o Norte do Brasil, \u00e9 um destino que se destaca por suas vastas \u00e1reas de natureza intocada e oportunidades de ecoturismo. O Parque Estadual do Jalap\u00e3o, uma das principais atra\u00e7\u00f5es do estado, oferece paisagens deslumbrantes com dunas de areia dourada, cachoeiras, rios\u2026","rel":"","context":"Post similar","block_context":{"text":"Post similar","link":""},"img":{"alt_text":"Tocantins: Casa do Artes\u00e3o Capim Dourado - Foto: Flavio Andre","src":"https:\/\/i0.wp.com\/www.visiteobrasil.com.br\/news\/wp-content\/uploads\/2023\/10\/Casa-do-Artesao-Capim-Dourado-Foto-Flavio-Andre.jpg?fit=900%2C300&ssl=1&resize=350%2C200","width":350,"height":200,"srcset":"https:\/\/i0.wp.com\/www.visiteobrasil.com.br\/news\/wp-content\/uploads\/2023\/10\/Casa-do-Artesao-Capim-Dourado-Foto-Flavio-Andre.jpg?fit=900%2C300&ssl=1&resize=350%2C200 1x, https:\/\/i0.wp.com\/www.visiteobrasil.com.br\/news\/wp-content\/uploads\/2023\/10\/Casa-do-Artesao-Capim-Dourado-Foto-Flavio-Andre.jpg?fit=900%2C300&ssl=1&resize=525%2C300 1.5x, https:\/\/i0.wp.com\/www.visiteobrasil.com.br\/news\/wp-content\/uploads\/2023\/10\/Casa-do-Artesao-Capim-Dourado-Foto-Flavio-Andre.jpg?fit=900%2C300&ssl=1&resize=700%2C400 2x"},"classes":[]},{"id":4604,"url":"https:\/\/www.visiteobrasil.com.br\/news\/regiao-sul\/","url_meta":{"origin":4717,"position":3},"title":"Regi\u00e3o Sul","author":"Ramon","date":"11 de outubro de 2023","format":false,"excerpt":"Previous Next A Regi\u00e3o Sul do Brasil, composta pelos estados do Paran\u00e1, Santa Catarina e Rio Grande do Sul, \u00e9 conhecida por suas impressionantes belezas naturais e seu clima ameno. A regi\u00e3o \u00e9 marcada por uma geografia diversificada, que inclui serras, vales, planaltos e litorais encantadores. A regi\u00e3o sulista possui\u2026","rel":"","context":"Post similar","block_context":{"text":"Post similar","link":""},"img":{"alt_text":"Regi\u00e3o Sul - Praias de Balne\u00e1rio Cambori\u00fa","src":"https:\/\/i0.wp.com\/www.visiteobrasil.com.br\/news\/wp-content\/uploads\/2023\/10\/Vista-panoramica-das-Praias-de-Balneario-Camboriu-Foto-VerinhaaLicenca-cc-by-sa-3-0.jpg?fit=900%2C301&ssl=1&resize=350%2C200","width":350,"height":200,"srcset":"https:\/\/i0.wp.com\/www.visiteobrasil.com.br\/news\/wp-content\/uploads\/2023\/10\/Vista-panoramica-das-Praias-de-Balneario-Camboriu-Foto-VerinhaaLicenca-cc-by-sa-3-0.jpg?fit=900%2C301&ssl=1&resize=350%2C200 1x, https:\/\/i0.wp.com\/www.visiteobrasil.com.br\/news\/wp-content\/uploads\/2023\/10\/Vista-panoramica-das-Praias-de-Balneario-Camboriu-Foto-VerinhaaLicenca-cc-by-sa-3-0.jpg?fit=900%2C301&ssl=1&resize=525%2C300 1.5x, https:\/\/i0.wp.com\/www.visiteobrasil.com.br\/news\/wp-content\/uploads\/2023\/10\/Vista-panoramica-das-Praias-de-Balneario-Camboriu-Foto-VerinhaaLicenca-cc-by-sa-3-0.jpg?fit=900%2C301&ssl=1&resize=700%2C400 2x"},"classes":[]},{"id":6008,"url":"https:\/\/www.visiteobrasil.com.br\/news\/destinos-turisticos-de-israel\/","url_meta":{"origin":4717,"position":4},"title":"Destinos tur\u00edsticos de Israel","author":"Ramon","date":"21 de novembro de 2023","format":false,"excerpt":"Israel \u00e9 um pa\u00eds repleto de destinos tur\u00edsticos fascinantes. Bel\u00e9m, associada ao nascimento de Jesus, abriga a Igreja da Natividade. Capernaum, nas margens do Mar da Galileia, \u00e9 conhecida por suas ru\u00ednas antigas e a sinagoga de Pedro. Jerusal\u00e9m, cidade sagrada, apresenta locais como o Muro das Lamenta\u00e7\u00f5es e a\u2026","rel":"","context":"Post similar","block_context":{"text":"Post similar","link":""},"img":{"alt_text":"Israel - Jerusal\u00e9m : C\u00fapula da Rocha","src":"https:\/\/i0.wp.com\/www.visiteobrasil.com.br\/news\/wp-content\/uploads\/2023\/11\/jerusalem-cupula-da-rocha-visto-atraves-do-portao-do-algodao-foto-gilabrand-licenca-cc-by-sa-3-0.jpg?fit=900%2C599&ssl=1&resize=350%2C200","width":350,"height":200,"srcset":"https:\/\/i0.wp.com\/www.visiteobrasil.com.br\/news\/wp-content\/uploads\/2023\/11\/jerusalem-cupula-da-rocha-visto-atraves-do-portao-do-algodao-foto-gilabrand-licenca-cc-by-sa-3-0.jpg?fit=900%2C599&ssl=1&resize=350%2C200 1x, https:\/\/i0.wp.com\/www.visiteobrasil.com.br\/news\/wp-content\/uploads\/2023\/11\/jerusalem-cupula-da-rocha-visto-atraves-do-portao-do-algodao-foto-gilabrand-licenca-cc-by-sa-3-0.jpg?fit=900%2C599&ssl=1&resize=525%2C300 1.5x, https:\/\/i0.wp.com\/www.visiteobrasil.com.br\/news\/wp-content\/uploads\/2023\/11\/jerusalem-cupula-da-rocha-visto-atraves-do-portao-do-algodao-foto-gilabrand-licenca-cc-by-sa-3-0.jpg?fit=900%2C599&ssl=1&resize=700%2C400 2x"},"classes":[]},{"id":4723,"url":"https:\/\/www.visiteobrasil.com.br\/news\/rio-de-janeiro\/","url_meta":{"origin":4717,"position":5},"title":"Rio de Janeiro","author":"Ramon","date":"11 de outubro de 2023","format":false,"excerpt":"Previous Next O estado do Rio de Janeiro, situado na Regi\u00e3o Sudeste do Brasil, \u00e9 um lugar de rara beleza natural e rica heran\u00e7a cultural. O Rio de Janeiro \u00e9 conhecido por suas praias de areias douradas, como Copacabana e Ipanema, que se estendem sob o famoso P\u00e3o de A\u00e7\u00facar\u2026","rel":"","context":"Post similar","block_context":{"text":"Post similar","link":""},"img":{"alt_text":"Rio de Janeiro - Paraty-RJ","src":"https:\/\/i0.wp.com\/www.visiteobrasil.com.br\/news\/wp-content\/uploads\/2023\/10\/paraty-arquivo-turisriogr.jpg?fit=850%2C568&ssl=1&resize=350%2C200","width":350,"height":200,"srcset":"https:\/\/i0.wp.com\/www.visiteobrasil.com.br\/news\/wp-content\/uploads\/2023\/10\/paraty-arquivo-turisriogr.jpg?fit=850%2C568&ssl=1&resize=350%2C200 1x, https:\/\/i0.wp.com\/www.visiteobrasil.com.br\/news\/wp-content\/uploads\/2023\/10\/paraty-arquivo-turisriogr.jpg?fit=850%2C568&ssl=1&resize=525%2C300 1.5x, https:\/\/i0.wp.com\/www.visiteobrasil.com.br\/news\/wp-content\/uploads\/2023\/10\/paraty-arquivo-turisriogr.jpg?fit=850%2C568&ssl=1&resize=700%2C400 2x"},"classes":[]}],"jetpack_sharing_enabled":true,"jetpack_likes_enabled":true,"_links":{"self":[{"href":"https:\/\/www.visiteobrasil.com.br\/news\/wp-json\/wp\/v2\/pages\/4717","targetHints":{"allow":["GET"]}}],"collection":[{"href":"https:\/\/www.visiteobrasil.com.br\/news\/wp-json\/wp\/v2\/pages"}],"about":[{"href":"https:\/\/www.visiteobrasil.com.br\/news\/wp-json\/wp\/v2\/types\/page"}],"author":[{"embeddable":true,"href":"https:\/\/www.visiteobrasil.com.br\/news\/wp-json\/wp\/v2\/users\/2"}],"replies":[{"embeddable":true,"href":"https:\/\/www.visiteobrasil.com.br\/news\/wp-json\/wp\/v2\/comments?post=4717"}],"version-history":[{"count":4,"href":"https:\/\/www.visiteobrasil.com.br\/news\/wp-json\/wp\/v2\/pages\/4717\/revisions"}],"predecessor-version":[{"id":6339,"href":"https:\/\/www.visiteobrasil.com.br\/news\/wp-json\/wp\/v2\/pages\/4717\/revisions\/6339"}],"wp:featuredmedia":[{"embeddable":true,"href":"https:\/\/www.visiteobrasil.com.br\/news\/wp-json\/wp\/v2\/media\/4718"}],"wp:attachment":[{"href":"https:\/\/www.visiteobrasil.com.br\/news\/wp-json\/wp\/v2\/media?parent=4717"}],"curies":[{"name":"wp","href":"https:\/\/api.w.org\/{rel}","templated":true}]}}